{"id":31084,"date":"2025-11-26T01:06:24","date_gmt":"2025-11-26T01:06:24","guid":{"rendered":"https:\/\/nanoplex.com.mx\/?post_type=product&#038;p=31084"},"modified":"2025-11-27T01:10:41","modified_gmt":"2025-11-27T01:10:41","slug":"nanoplex-repair-500-ml","status":"publish","type":"product","link":"https:\/\/nanoplex.com.mx\/?product=nanoplex-repair-500-ml","title":{"rendered":"NANOPLEX REPAIR 500 ML"},"content":{"rendered":"<p class=\"p1\">Tipo de producto: Reconstrucci\u00f3n capilar profunda \/ Nivelador de pH<\/p>\n<p class=\"p1\">Aplicaci\u00f3n: Profesional o domiciliaria con asesor\u00eda<\/p>\n<p class=\"p1\">Uso recomendado:<\/p>\n<p class=\"p1\">&#8211; Cabellos alcalinizados por decoloraci\u00f3n<\/p>\n<p class=\"p1\">&#8211; Cabellos el\u00e1sticos, secos o extremadamente da\u00f1ados<\/p>\n<p class=\"p1\">&#8211; Cabellos que se preparan para un alisado<\/p>\n<p class=\"p1\">&#8211; Mantenimiento mensual de alisados Nanoplex<\/p>\n<p class=\"p1\">Descripci\u00f3n general:<\/p>\n<p class=\"p1\">Nanoplex Repair+ es un tratamiento reconstructor de acci\u00f3n profunda dise\u00f1ado para cabellos qu\u00edmicamente tratados, el\u00e1sticos o con da\u00f1o extremo. Su f\u00f3rmula equilibra el pH cuando est\u00e1 alterado por procesos alcalinos (como decoloraciones), fortalece los puentes de disulfuro, nutre desde el interior y sella la cut\u00edcula, creando una barrera protectora que devuelve brillo, suavidad y resistencia.<\/p>\n<p>Ideal como pretratamiento previo al alisado o como mantenimiento mensual para prolongar la salud del cabello despu\u00e9s del alisado con Nanoplex Organic o Nanoplex Plus.<\/p>\n<p class=\"p1\">Activos principales:<\/p>\n<p class=\"p1\">\u2022 Biotina (Vitamina B7): Estimula el crecimiento y fortalece la fibra capilar desde la ra\u00edz.<br \/>\n\u2022 Complejo fortalecedor de puentes disulfuro: Reestructura los enlaces internos para devolver resistencia al cabello el\u00e1stico o debilitado.<br \/>\n\u2022 Niveladores de pH: Equilibran el entorno capilar despu\u00e9s de procesos alcalinos, restaurando el pH ideal (4.5 \u2013 5.5).<br \/>\n\u2022 Aceites vegetales nutritivos: Aportan hidrataci\u00f3n profunda, brillo natural y suavidad sin dejar peso.<br \/>\n\u2022 Prote\u00ednas hidrolizadas: Reparan da\u00f1os desde el interior, rellenando huecos en la fibra capilar.<\/p>\n<p class=\"p1\">Beneficios destacados:<\/p>\n<p class=\"p1\">\u2022 Repara cabellos el\u00e1sticos y sobreprocesados<br \/>\n\u2022 Restaura el pH natural del cabello tras tratamientos agresivos<br \/>\n\u2022 Refuerza la estructura interna del cabello<br \/>\n\u2022 Deja el cabello suave, con brillo, y visiblemente m\u00e1s saludable<br \/>\n\u2022 Facilita futuros alisados, asegurando mejores resultados<br \/>\n\u2022 Favorece el crecimiento sano gracias a la biotina<br \/>\n\u2022 Ideal como tratamiento de mantenimiento mensual post-alisado<\/p>\n<p class=\"p1\">Modo de aplicaci\u00f3n:<\/p>\n<p class=\"p1\">1. Pedir a tu clienta que llegue con el cabello lavado con shampoo sin aceites ni acondicionadores<br \/>\n2. Retirar exceso de agua con toalla.<br \/>\n3. Aplicar Nanoplex Repair+ mech\u00f3n por mech\u00f3n, de medios a puntas (o seg\u00fan diagn\u00f3stico).<br \/>\n4. Enjuagar el 80% del producto o dejarlo en el cabello seg\u00fan diagn\u00f3stico profesional.<br \/>\n5. Cauterizar con plancha a temperatura de 180\u00b0C a 200\u00b0C, seg\u00fan el diagn\u00f3stico de la clienta, realizando de 5 a 10 pasadas por mech\u00f3n.<\/p>\n<p class=\"p1\">6. Enjuagar el producto completamente a las 12 horas.<\/p>\n<p class=\"p1\">Compatibilidad:<\/p>\n<p class=\"p1\">\u2022 Compatible con cualquier t\u00e9cnica de color, alisado o queratina.<br \/>\n\u2022 Ideal para todo tipo de cabello (excepto cuero cabelludo lesionado).<\/p>\n","protected":false},"excerpt":{"rendered":"<p>Tipo de producto: Reconstrucci\u00f3n capilar profunda \/ Nivelador de pH Aplicaci\u00f3n: Profesional o domiciliaria con asesor\u00eda Uso recomendado: &#8211; Cabellos<\/p>\n","protected":false},"featured_media":31023,"comment_status":"open","ping_status":"closed","template":"","meta":[],"product_brand":[],"product_cat":[76],"product_tag":[],"class_list":{"0":"post-31084","1":"product","2":"type-product","3":"status-publish","4":"has-post-thumbnail","6":"product_cat-keratinas","8":"first","9":"instock","10":"shipping-taxable","11":"purchasable","12":"product-type-simple"},"_links":{"self":[{"href":"https:\/\/nanoplex.com.mx\/index.php?rest_route=\/wp\/v2\/product\/31084","targetHints":{"allow":["GET"]}}],"collection":[{"href":"https:\/\/nanoplex.com.mx\/index.php?rest_route=\/wp\/v2\/product"}],"about":[{"href":"https:\/\/nanoplex.com.mx\/index.php?rest_route=\/wp\/v2\/types\/product"}],"replies":[{"embeddable":true,"href":"https:\/\/nanoplex.com.mx\/index.php?rest_route=%2Fwp%2Fv2%2Fcomments&post=31084"}],"version-history":[{"count":2,"href":"https:\/\/nanoplex.com.mx\/index.php?rest_route=\/wp\/v2\/product\/31084\/revisions"}],"predecessor-version":[{"id":31093,"href":"https:\/\/nanoplex.com.mx\/index.php?rest_route=\/wp\/v2\/product\/31084\/revisions\/31093"}],"wp:featuredmedia":[{"embeddable":true,"href":"https:\/\/nanoplex.com.mx\/index.php?rest_route=\/wp\/v2\/media\/31023"}],"wp:attachment":[{"href":"https:\/\/nanoplex.com.mx\/index.php?rest_route=%2Fwp%2Fv2%2Fmedia&parent=31084"}],"wp:term":[{"taxonomy":"product_brand","embeddable":true,"href":"https:\/\/nanoplex.com.mx\/index.php?rest_route=%2Fwp%2Fv2%2Fproduct_brand&post=31084"},{"taxonomy":"product_cat","embeddable":true,"href":"https:\/\/nanoplex.com.mx\/index.php?rest_route=%2Fwp%2Fv2%2Fproduct_cat&post=31084"},{"taxonomy":"product_tag","embeddable":true,"href":"https:\/\/nanoplex.com.mx\/index.php?rest_route=%2Fwp%2Fv2%2Fproduct_tag&post=31084"}],"curies":[{"name":"wp","href":"https:\/\/api.w.org\/{rel}","templated":true}]}}